{"id":147,"date":"2021-11-16T11:24:45","date_gmt":"2021-11-16T11:24:45","guid":{"rendered":"https:\/\/rangelproducoes.com\/blog\/?page_id=147"},"modified":"2021-11-16T13:04:30","modified_gmt":"2021-11-16T13:04:30","slug":"mercados","status":"publish","type":"page","link":"https:\/\/rangelproducoes.com\/blog\/mercados\/","title":{"rendered":"Mercados"},"content":{"rendered":"\n<p>Se voc\u00ea est\u00e1 procurando um programa para gerenciar o seu Mercado, n\u00f3s temos a solu\u00e7\u00e3o ideal para seu neg\u00f3cio.<\/p>\n\n\n\n<h2 class=\"wp-block-heading\">Sistema Completo para Mercados<\/h2>\n\n\n\n<p>Para este segmento de mercado indicamos o software Com\u00e9rcio Inteligente, com ele voc\u00ea poder\u00e1 fazer toda a gest\u00e3o do seu neg\u00f3cio, controle do seu estoque, registrar suas vendas, inclusive com c\u00f3digo de barras, contas a pagar e a receber, Abertura e Fechamento do Caixa, Ordens de Servi\u00e7o, al\u00e9m de obter v\u00e1rios relat\u00f3rios que ir\u00e3o te ajudar na tomada de decis\u00e3o do dia-a-dia.<\/p>\n\n\n\n<h2 class=\"wp-block-heading\">Conhe\u00e7a mais sobre o Com\u00e9rcio Inteligente<\/h2>\n\n\n\n<p>O Com\u00e9rcio Inteligente \u00e9 um programa que pode ser baixado e instalado no seu computador.<\/p>\n\n\n\n<figure class=\"wp-block-embed aligncenter is-type-video is-provider-youtube wp-block-embed-youtube wp-embed-aspect-16-9 wp-has-aspect-ratio\"><div class=\"wp-block-embed__wrapper\">\n<iframe title=\"Com\u00e9rcio Inteligente 2.0\" width=\"640\" height=\"360\" src=\"https:\/\/www.youtube.com\/embed\/videoseries?list=PLqoJ1NPG6mq8awOyeht66sYQZRrqqs17t\" frameborder=\"0\" allow=\"accelerometer; autoplay; clipboard-write; encrypted-media; gyroscope; picture-in-picture; web-share\" referrerpolicy=\"strict-origin-when-cross-origin\" allowfullscreen><\/iframe>\n<\/div><figcaption>Lista completa de todas as fun\u00e7\u00f5es presentes no Com\u00e9rcio Inteligente.<\/figcaption><\/figure>\n\n\n\n<div class=\"wp-block-buttons is-layout-flex wp-block-buttons-is-layout-flex\">\n<div class=\"wp-block-button\"><a class=\"wp-block-button__link has-white-color has-vivid-green-cyan-background-color has-text-color has-background\" href=\"http:\/\/rangelproducoes.com\/?pagina=softwares\/comerciointeligente\/2.0\/registrar\" target=\"_blank\" rel=\"noreferrer noopener\">Quero Adquirir<\/a><\/div>\n<\/div>\n\n\n\n<p><\/p>\n","protected":false},"excerpt":{"rendered":"<p>Se voc\u00ea est\u00e1 procurando um programa para gerenciar o seu Mercado, n\u00f3s temos a solu\u00e7\u00e3o ideal para seu neg\u00f3cio. Sistema Completo para Mercados Para este [&hellip;]<\/p>\n","protected":false},"author":1,"featured_media":0,"parent":0,"menu_order":0,"comment_status":"closed","ping_status":"closed","template":"","meta":{"footnotes":""},"class_list":["post-147","page","type-page","status-publish","hentry"],"yoast_head":"<!-- This site is optimized with the Yoast SEO plugin v26.9 - https:\/\/yoast.com\/product\/yoast-seo-wordpress\/ -->\n<title>Mercados - Blog Rangel Produ\u00e7\u00f5es<\/title>\n<meta name=\"robots\" content=\"index, follow, max-snippet:-1, max-image-preview:large, max-video-preview:-1\" \/>\n<link rel=\"canonical\" href=\"https:\/\/rangelproducoes.com\/blog\/mercados\/\" \/>\n<meta property=\"og:locale\" content=\"pt_BR\" \/>\n<meta property=\"og:type\" content=\"article\" \/>\n<meta property=\"og:title\" content=\"Mercados - Blog Rangel Produ\u00e7\u00f5es\" \/>\n<meta property=\"og:description\" content=\"Se voc\u00ea est\u00e1 procurando um programa para gerenciar o seu Mercado, n\u00f3s temos a solu\u00e7\u00e3o ideal para seu neg\u00f3cio. Sistema Completo para Mercados Para este [&hellip;]\" \/>\n<meta property=\"og:url\" content=\"https:\/\/rangelproducoes.com\/blog\/mercados\/\" \/>\n<meta property=\"og:site_name\" content=\"Blog Rangel Produ\u00e7\u00f5es\" \/>\n<meta property=\"article:modified_time\" content=\"2021-11-16T13:04:30+00:00\" \/>\n<meta name=\"twitter:card\" content=\"summary_large_image\" \/>\n<meta name=\"twitter:label1\" content=\"Est. tempo de leitura\" \/>\n\t<meta name=\"twitter:data1\" content=\"1 minuto\" \/>\n<script type=\"application\/ld+json\" class=\"yoast-schema-graph\">{\"@context\":\"https:\/\/schema.org\",\"@graph\":[{\"@type\":\"WebPage\",\"@id\":\"https:\/\/rangelproducoes.com\/blog\/mercados\/\",\"url\":\"https:\/\/rangelproducoes.com\/blog\/mercados\/\",\"name\":\"Mercados - Blog Rangel Produ\u00e7\u00f5es\",\"isPartOf\":{\"@id\":\"https:\/\/rangelproducoes.com\/blog\/#website\"},\"datePublished\":\"2021-11-16T11:24:45+00:00\",\"dateModified\":\"2021-11-16T13:04:30+00:00\",\"breadcrumb\":{\"@id\":\"https:\/\/rangelproducoes.com\/blog\/mercados\/#breadcrumb\"},\"inLanguage\":\"pt-BR\",\"potentialAction\":[{\"@type\":\"ReadAction\",\"target\":[\"https:\/\/rangelproducoes.com\/blog\/mercados\/\"]}]},{\"@type\":\"BreadcrumbList\",\"@id\":\"https:\/\/rangelproducoes.com\/blog\/mercados\/#breadcrumb\",\"itemListElement\":[{\"@type\":\"ListItem\",\"position\":1,\"name\":\"In\u00edcio\",\"item\":\"https:\/\/rangelproducoes.com\/blog\/\"},{\"@type\":\"ListItem\",\"position\":2,\"name\":\"Mercados\"}]},{\"@type\":\"WebSite\",\"@id\":\"https:\/\/rangelproducoes.com\/blog\/#website\",\"url\":\"https:\/\/rangelproducoes.com\/blog\/\",\"name\":\"Blog Rangel Produ\u00e7\u00f5es\",\"description\":\"\",\"publisher\":{\"@id\":\"https:\/\/rangelproducoes.com\/blog\/#organization\"},\"potentialAction\":[{\"@type\":\"SearchAction\",\"target\":{\"@type\":\"EntryPoint\",\"urlTemplate\":\"https:\/\/rangelproducoes.com\/blog\/?s={search_term_string}\"},\"query-input\":{\"@type\":\"PropertyValueSpecification\",\"valueRequired\":true,\"valueName\":\"search_term_string\"}}],\"inLanguage\":\"pt-BR\"},{\"@type\":\"Organization\",\"@id\":\"https:\/\/rangelproducoes.com\/blog\/#organization\",\"name\":\"Blog Rangel Produ\u00e7\u00f5es\",\"url\":\"https:\/\/rangelproducoes.com\/blog\/\",\"logo\":{\"@type\":\"ImageObject\",\"inLanguage\":\"pt-BR\",\"@id\":\"https:\/\/rangelproducoes.com\/blog\/#\/schema\/logo\/image\/\",\"url\":\"https:\/\/rangelproducoes.com\/blog\/wp-content\/uploads\/2021\/11\/cropped-logo_para_fundo_escuro.png\",\"contentUrl\":\"https:\/\/rangelproducoes.com\/blog\/wp-content\/uploads\/2021\/11\/cropped-logo_para_fundo_escuro.png\",\"width\":223,\"height\":80,\"caption\":\"Blog Rangel Produ\u00e7\u00f5es\"},\"image\":{\"@id\":\"https:\/\/rangelproducoes.com\/blog\/#\/schema\/logo\/image\/\"}}]}<\/script>\n<!-- \/ Yoast SEO plugin. -->","yoast_head_json":{"title":"Mercados - Blog Rangel Produ\u00e7\u00f5es","robots":{"index":"index","follow":"follow","max-snippet":"max-snippet:-1","max-image-preview":"max-image-preview:large","max-video-preview":"max-video-preview:-1"},"canonical":"https:\/\/rangelproducoes.com\/blog\/mercados\/","og_locale":"pt_BR","og_type":"article","og_title":"Mercados - Blog Rangel Produ\u00e7\u00f5es","og_description":"Se voc\u00ea est\u00e1 procurando um programa para gerenciar o seu Mercado, n\u00f3s temos a solu\u00e7\u00e3o ideal para seu neg\u00f3cio. Sistema Completo para Mercados Para este [&hellip;]","og_url":"https:\/\/rangelproducoes.com\/blog\/mercados\/","og_site_name":"Blog Rangel Produ\u00e7\u00f5es","article_modified_time":"2021-11-16T13:04:30+00:00","twitter_card":"summary_large_image","twitter_misc":{"Est. tempo de leitura":"1 minuto"},"schema":{"@context":"https:\/\/schema.org","@graph":[{"@type":"WebPage","@id":"https:\/\/rangelproducoes.com\/blog\/mercados\/","url":"https:\/\/rangelproducoes.com\/blog\/mercados\/","name":"Mercados - Blog Rangel Produ\u00e7\u00f5es","isPartOf":{"@id":"https:\/\/rangelproducoes.com\/blog\/#website"},"datePublished":"2021-11-16T11:24:45+00:00","dateModified":"2021-11-16T13:04:30+00:00","breadcrumb":{"@id":"https:\/\/rangelproducoes.com\/blog\/mercados\/#breadcrumb"},"inLanguage":"pt-BR","potentialAction":[{"@type":"ReadAction","target":["https:\/\/rangelproducoes.com\/blog\/mercados\/"]}]},{"@type":"BreadcrumbList","@id":"https:\/\/rangelproducoes.com\/blog\/mercados\/#breadcrumb","itemListElement":[{"@type":"ListItem","position":1,"name":"In\u00edcio","item":"https:\/\/rangelproducoes.com\/blog\/"},{"@type":"ListItem","position":2,"name":"Mercados"}]},{"@type":"WebSite","@id":"https:\/\/rangelproducoes.com\/blog\/#website","url":"https:\/\/rangelproducoes.com\/blog\/","name":"Blog Rangel Produ\u00e7\u00f5es","description":"","publisher":{"@id":"https:\/\/rangelproducoes.com\/blog\/#organization"},"potentialAction":[{"@type":"SearchAction","target":{"@type":"EntryPoint","urlTemplate":"https:\/\/rangelproducoes.com\/blog\/?s={search_term_string}"},"query-input":{"@type":"PropertyValueSpecification","valueRequired":true,"valueName":"search_term_string"}}],"inLanguage":"pt-BR"},{"@type":"Organization","@id":"https:\/\/rangelproducoes.com\/blog\/#organization","name":"Blog Rangel Produ\u00e7\u00f5es","url":"https:\/\/rangelproducoes.com\/blog\/","logo":{"@type":"ImageObject","inLanguage":"pt-BR","@id":"https:\/\/rangelproducoes.com\/blog\/#\/schema\/logo\/image\/","url":"https:\/\/rangelproducoes.com\/blog\/wp-content\/uploads\/2021\/11\/cropped-logo_para_fundo_escuro.png","contentUrl":"https:\/\/rangelproducoes.com\/blog\/wp-content\/uploads\/2021\/11\/cropped-logo_para_fundo_escuro.png","width":223,"height":80,"caption":"Blog Rangel Produ\u00e7\u00f5es"},"image":{"@id":"https:\/\/rangelproducoes.com\/blog\/#\/schema\/logo\/image\/"}}]}},"_links":{"self":[{"href":"https:\/\/rangelproducoes.com\/blog\/wp-json\/wp\/v2\/pages\/147","targetHints":{"allow":["GET"]}}],"collection":[{"href":"https:\/\/rangelproducoes.com\/blog\/wp-json\/wp\/v2\/pages"}],"about":[{"href":"https:\/\/rangelproducoes.com\/blog\/wp-json\/wp\/v2\/types\/page"}],"author":[{"embeddable":true,"href":"https:\/\/rangelproducoes.com\/blog\/wp-json\/wp\/v2\/users\/1"}],"replies":[{"embeddable":true,"href":"https:\/\/rangelproducoes.com\/blog\/wp-json\/wp\/v2\/comments?post=147"}],"version-history":[{"count":2,"href":"https:\/\/rangelproducoes.com\/blog\/wp-json\/wp\/v2\/pages\/147\/revisions"}],"predecessor-version":[{"id":226,"href":"https:\/\/rangelproducoes.com\/blog\/wp-json\/wp\/v2\/pages\/147\/revisions\/226"}],"wp:attachment":[{"href":"https:\/\/rangelproducoes.com\/blog\/wp-json\/wp\/v2\/media?parent=147"}],"curies":[{"name":"wp","href":"https:\/\/api.w.org\/{rel}","templated":true}]}}